base 4, what is -11 + 323?
312
In base 10, what is -34 - 13?
-47
In base 4, what is -1010 - 2?
-1012
In base 11, what is 26 - 4?
22
In base 8, what is 37 + -6?
31
In base 9, what is -2 + 1?
-1
In base 9, what is -16886 - 0?
-16886
In base 9, what is -8 - 217?
-226
In base 8, what is 3 + -207?
-204
In base 8, what is -65 - 1201?
-1266
In base 5, what is 1422 - 43?
1324
In base 15, what is -2 - -38?
36
In base 6, what is -1311 + -1?
-1312
In base 10, what is 1 + -5?
-4
In base 4, what is 2 + 20?
22
In base 7, what is -433 - 1?
-434
In base 16, what is -1f9 - 19?
-212
In base 3, what is -100 - 1210000?
-1210100
In base 13, what is 2 + 12a?
12c
In base 3, what is 111200 + 20?
111220
In base 12, what is -1663 - 0?
-1663
In base 11, what is -218 + -50?
-268
In base 2, what is -11 + 1010111001?
1010110110
In base 7, what is 531 + 3?
534
In base 8, what is -14 + 207?
173
In base 15, what is -12 + 0?
-12
In base 12, what is 4 + 269b?
26a3
In base 16, what is -13 - -d?
-6
In base 3, what is 10 - -220?
1000
In base 13, what is -93 + 2?
-91
In base 2, what is -1 - 1100010010?
-1100010011
In base 12, what is 3 + -1964?
-1961
In base 16, what is 10 - -1e6?
1f6
In base 14, what is 0 - 826?
-826
In base 3, what is 202111 + 100?
202211
In base 14, what is 5 + -169?
-164
In base 2, what is -101100101 - -101?
-101100000
In base 7, what is 4 + -1242?
-1235
In base 12, what is 29 + 1?
2a
In base 3, what is 220 + 200111?
201101
In base 16, what is 3e5 + 2?
3e7
In base 8, what is -7 - 2?
-11
In base 9, what is 4 - -1421?
1425
In base 7, what is 32 - 5?
24
In base 16, what is -17 - 1?
-18
In base 8, what is 5150 + 5?
5155
In base 16, what is 34 + -159?
-125
In base 13, what is -46 - b?
-54
In base 15, what is 241 + 3?
244
In base 12, what is -1 + 4b?
4a
In base 6, what is 132220 + 5?
132225
In base 12, what is 2 - 2568?
-2566
In base 5, what is 14000 - -4?
14004
In base 9, what is -2 + -803?
-805
In base 16, what is -ee - 0?
-ee
In base 7, what is 1206 + 25?
1234
In base 8, what is -4 - -127?
123
In base 2, what is 100 + 111111?
1000011
In base 3, what is 12 + -1000?
-211
In base 6, what is 14 - 123?
-105
In base 2, what is -111000 - 101?
-111101
In base 15, what is -4e6 + -5?
-4eb
In base 14, what is 0 + -63?
-63
In base 9, what is 5 + 27?
33
In base 9, what is 524 + -4?
520
In base 5, what is 110 + 44?
204
In base 4, what is -11 - -212321?
212310
In base 4, what is -10013 - 3?
-10022
In base 5, what is -10 - -3321?
3311
In base 13, what is 52 - 6?
49
In base 14, what is -4 + -1b3?
-1b7
In base 12, what is 180 + 2?
182
In base 8, what is -1 + -560?
-561
In base 11, what is 4 + 1a44?
1a48
In base 2, what is 110100 - 0?
110100
In base 5, what is 41 + -2?
34
In base 7, what is -154 + -3?
-160
In base 6, what is -11423 + -2?
-11425
In base 4, what is 2 - -20230?
20232
In base 16, what is -5 - 13d?
-142
In base 12, what is 204 - 2?
202
In base 10, what is -73 + -1?
-74
In base 11, what is 45 - 4?
41
In base 5, what is 43 + -11?
32
In base 15, what is 94 - 10?
84
In base 14, what is 17c - 6?
176
In base 13, what is 5c - 0?
5c
In base 6, what is 51 - -25?
120
In base 4, what is -11 + -1220?
-1231
In base 10, what is -529 - -3?
-526
In base 14, what is -95 + -1?
-96
In base 3, what is -10101 - -1001?
-2100
In base 10, what is 130 - 3?
127
In base 6, what is 11412 - 2?
11410
In base 16, what is -2 + 27?
25
In base 14, what is -3d + -d7?
-136
In base 11, what is -15 - 2?
-17
In base 8, what is 1 - -2723?
2724
In base 4, what is -10 - 12131?
-12201
In base 5, what is 103 - 0?
103
In base 2, what is 1010000110101 - -101?
1010000111010
In base 9, what is -2 - 2223?
-2225
In base 15, what is 2 + -c4?
-c2
In base 14, what is 2d - 177?
-148
In base 14, what is -461 - 1?
-462
In base 10, what is -4 - -363?
359
In base 13, what is 3 + -1b01?
-1acb
In base 15, what is -1 - -121?
120
In base 3, what is -12 + -101101?
-101120
In base 4, what is -2 + -101112?
-101120
In base 7, what is -313 + -5?
-321
In base 4, what is 1 - -1000?
1001
In base 3, what is -202000 - 102?
-202102
In base 6, what is 321 - -2?
323
In base 14, what is 36 + -14?
22
In base 15, what is -36 - -3e?
8
In base 10, what is 9303 + 5?
9308
In base 6, what is 110 - -115?
225
In base 5, what is 1321 - 4?
1312
In base 5, what is 14 + -41?
-22
In base 16, what is 2c - 3e?
-12
In base 16, what is -128f + -3?
-1292
In base 16, what is 34 + 3?
37
In base 5, what is 1 - -10?
11
In base 6, what is 4 + -1020?
-1012
In base 3, what is 11 - 1112202?
-1112121
In base 8, what is 3 + 270?
273
In base 13, what is -2 + 17?
15
In base 4, what is 11 - 3302?
-3231
In base 15, what is 0 - -19d?
19d
In base 9, what is -22 + 56?
34
In base 4, what is 1 + -32?
-31
In base 8, what is -107 + -6?
-115
In base 13, what is 19 + -52?
-36
In base 8, what is 740 + -2?
736
In base 16, what is 6a + 0?
6a
In base 7, what is -3 + -143?
-146
In base 16, what is eea + -5?
ee5
In base 14, what is 2 - -8?
a
In base 2, what is -10010110110 + -1?
-10010110111
In base 14, what is 22 + -1b?
5
In base 6, what is 144 + -100?
44
In base 11, what is -4 + -183?
-187
In base 13, what is -ca - -7?
-c3
In base 13, what is 2 - -2b4b?
2b50
In base 11, what is -9315 + 0?
-9315
In base 5, what is -10 + -22232?
-22242
In base 16, what is -1e + -1c?
-3a
In base 3, what is -2001 - -1110?
-121
In base 13, what is -1 + 396?
395
In base 7, what is -14 - -1251?
1234
In base 10, what is -37 - 2?
-39
In base 13, what is -1538 - -2?
-1536
In base 12, what is 1 + 50?
51
In base 4, what is -312113 - 3?
-312122
In base 8, what is -4056 - 2?
-4060
In base 12, what is 6a7 - -4?
6ab
In base 15, what is -36 - 17?
-4d
In base 11, what is 2404 - -4?
2408
In base 14, what is -246 - -4?
-242
In base 4, what is -221 + -11?
-232
In base 16, what is 1 - d67?
-d66
In base 10, what is -4 - 18?
-22
In base 9, what is -3 - 55?
-58
In base 11, what is 1444 - 5?
143a
In base 14, what is -19 + 3?
-16
In base 6, what is 14 - -3?
21
In base 6, what is 4 - 50?
-42
In base 10, what is -3013 - 0?
-3013
In base 4, what is -1 + -103?
-110
In base 9, what is 1 - 1214?
-1213
In base 8, what is -7 - -11525?
11516
In base 13, what is -b + -6a?
-78
In base 15, what is 16 - 0?
16
In base 7, what is 45 + -12?
33
In base 6, what is -20 - -5?
-11
In base 3, what is 12 + -200120?
-200101
In base 16, what is -768 - -2?
-766
In base 4, what is 3112 + 13?
3131
In base 6, what is 3250 - -42?
3332
In base 9, what is -41 - 133?
-174
In base 14, what is -4 - 328?
-32c
In base 8, what is -121 + -4?
-125
In base 8, what is 71 - 1?
70
In base 10, what is 419 - 0?
419
In base 2, what is 1110010111 - 101?
1110010010
In base 8, what is -5 + -421?
-426
In base 14, what is 6c07 - -2?
6c09
In base 4, what is -31322 + -3?
-31331
In base 8, what is -63 + -4?
-67
In base 13, what is 1 + -5?
-4
In base 2, what is 1 - 10111?
-10110
In base 3, what is -2001 + -1?
-2002
In base 9, what is -88 - -2?
-86
In base 3, what is 101 + -11102?
-11001
In base 12, what is -21b - -5?
-216
In base 14, what is 2b3 + -1?
2b2
In base 10, what is 3269 + -2?
3267
In base 10, what is 170 + -2?
168
In base 6, what is -105 - 3?
-112
In base 2, what is -101011 + -10100?
-111111
In base 11, what is 99 + a?
a8
In base 14, what is -3 + 7?
4
In base 12, what is -614 + -4?
-618
In base 8, what is -175 - 4?
-201
In base 8, what is 1 + 2215?
2216
In base 9, what is -1 + 232?
231
In base 6, what is -4430 - -5?
-4421
In base 14, what is 69 + -12?
57
In base 3, what is 1012 - 11?
1001
In base 13, what is -5 - -2a3?
29b
In base 16, what is 1e5 + 4?
1e9
In base 7, what is -5 + 3501?
3463
In base 13, what is 733 + -3?
730
In base 10, what is -91 + -1?
-92
In base 11, what is -5 + 49aa?
49a5
In base 5, what is -4 - 144?
-203
In base 12, what is 10 + 285?
295
In base 5, what is 34 + 3?
42
In base 14, what is 131 + 9?
13a
In base 6, what is -1 + 2105?
2104
In base 2, what is -11111 - -100?
-11011
In base 10, what is -96 - -24?
-72
In base 14, what is 22c + 4?
232
In base 9, what is 5 + 340?
345
In base 3, what is 220101 - 11?
220020
In base 5, what is 200 + 103?
303
In base 4, what is -11 - 1101?
-1112
In base 16, what is 62f - 4?
62b
In base 6, what is 10 - 125?
-115
In base 11, what is -88 - 6?
-93
In base 10, what is 909 - -19?
928
In base 11, what is -9135 - 4?
-9139
In b